st common divisor of d and 36.
9
Suppose 0 = -2*m + 2, -32 = -z + 3*m + 95. Calculate the greatest common factor of 208 and z.
26
Let z be (-6 + 15/(-5))*-1*1. Let y be 9/(-3 + z/2). Calculate the highest common factor of 54 and y.
6
Suppose -l + 2*q + 22 = 0, -4*q = 3*l + 2*l - 124. Let n = 13 - -3. Suppose -59*a + 58*a + n = 0. What is the highest common divisor of l and a?
8
Let x = -210 + 143. Let q = 272 - 177. Let r = x + q. What is the highest common divisor of r and 70?
14
Suppose -14 - 11 = 5*d. Let p be (-1)/(-5) - (49/d + -1). What is the highest common divisor of p and 11?
11
Let m be 62 - (-14 + (-15 - -19)). Suppose 36 = -2*s + 4*s. Calculate the highest common divisor of s and m.
18
Let b be 6020/224 - (-2)/16 - 2. Calculate the greatest common divisor of 125 and b.
25
Let f be (2 - 20/(-2))*(-1135)/(-908). What is the greatest common factor of 2 and f?
1
Let t be (-2 + 4/(-3))*(-5 + 14). Let u = 4 - -2. Let k = u - t. Calculate the highest common factor of k and 6.
6
Suppose -5 = -3*k + 1. Suppose 7*v - 20 = k*v. What is the greatest common divisor of v and 8?
4
Let x = -112 - -19. Let w = x + 201. Suppose g + 3*g - 48 = 0. Calculate the highest common factor of g and w.
12
Let i(k) = -274*k + 1. Let v be i(-1). Let l = 105 + -80. Calculate the greatest common factor of v and l.
25
Let k(p) = p**2 - 114*p + 997. Let g be k(9). Suppose -6*n + n + 260 = 0. What is the highest common factor of n and g?
52
Suppose 3*y = 1966 - 448. Let t be y/7 - (-14)/(-49). Suppose -10*v = v - 528. What is the highest common factor of v and t?
24
Suppose 0 = 4*p + 4*k - 448, -5*p + 569 - 9 = -5*k. What is the greatest common factor of p and 48?
16
Suppose -4*n - 22*n = -988. What is the greatest common divisor of 1254 and n?
38
Let n(u) = 77 - 15 - 25 - 2*u. Let b be n(7). What is the greatest common divisor of 253 and b?
23
Let x(v) = -v**3 - v**2 - 21*v - 170. Let b be x(-9). Calculate the highest common factor of 23 and b.
23
Let l be (7/(-14))/((-2)/20). Suppose l*r - 2*h - 764 = 0, -9*h + 631 = 4*r - 4*h. Calculate the highest common divisor of 22 and r.
22
Let m = -583 + 644. What is the highest common divisor of 1159 and m?
61
Let h(c) = c**3 - 11*c**2 + 24*c - 46. Let t be h(9). Calculate the highest common divisor of 292 and t.
4
Suppose 10*v = -5*f + 9*v + 1535, 5 = v. What is the highest common factor of 1326 and f?
102
Suppose 2*m - 14 + 0 = -4*g, -9 = -5*m + 3*g. Let c(x) = 3*x**2 - x + 1. Let h be c(m). What is the highest common divisor of h and 125?
25
Suppose s - 6*s + 15 = 0, -4*x - 4*s = -288. Suppose y - x = -21. Calculate the highest common divisor of y and 72.
24
Suppose -2*x = -q + 39, 8 = -3*x - 1. What is the highest common divisor of q and 253?
11
Let z = -15 - -63. What is the greatest common divisor of z and 276?
12
Suppose 0 = -4*l + 5*d + 255, 0 = 2*l - 0*l - d - 135. Calculate the greatest common factor of l and 434.
14
Suppose 6 = -q + 46. Let w(y) = 122*y**2 + 1943*y - 4. Let k be w(-16). Calculate the greatest common divisor of q and k.
20
Let t = 4 + 0. Let n(v) = v**3 - v**2 - 12*v + 4. Let b be -2 + 14/6 + 42/9. Let p be n(b). Calculate the highest common factor of t and p.
4
Suppose 0*p - t = -2*p + 1997, 2994 = 3*p - 3*t. What is the highest common divisor of 27 and p?
27
Suppose 2*h - 5*y + 248 = 0, 3*h + 4*y - y = -372. Let q = h + 179. What is the highest common divisor of q and 11?
11
Let s be (-9)/(-6)*42/21. What is the highest common divisor of s and 42?
3
Let l = 13 + -12. Let d = 32 - l. Calculate the highest common factor of 341 and d.
31
Suppose -30*r + 5*r = -6825. Calculate the greatest common divisor of r and 39.
39
Suppose -4*p - 365 - 210 = 5*y, -2*y = -2*p + 212. Let n = y + 121. What is the highest common factor of 30 and n?
10
Let s(i) = 2*i - 5. Let v be s(5). Suppose 12 + 58 = -2*w. Let n = 0 - w. What is the highest common factor of v and n?
5
Suppose -v + 0*s = -2*s - 37, 0 = 2*v + 3*s - 67. Let h(r) = -3*r + 124. Let a be h(39). Calculate the highest common divisor of v and a.
7
Suppose -5*l + 2*a + 711 = -a, -3*l + 420 = -4*a. Suppose l = 4*b + 4. What is the greatest common factor of 35 and b?
35
Let n(t) = -t**3 + 12*t**2 + 8*t - 7. Let b be n(9). Let l be (12/(-8))/((-3)/138). Let s = 97 - l. What is the greatest common factor of s and b?
28
Let j = -22 + 22. Suppose j = -3*k + 5*k + 2. Let w be (-6)/(-3) + k/1. Calculate the greatest common divisor of w and 4.
1
Suppose -119 = 25*r - 26*r. Let p = r - 77. What is the greatest common factor of p and 14?
14
Let i(f) = 61*f + 95. Let m be i(7). Calculate the highest common factor of 87 and m.
87
Suppose 19 = -3*v + 5*z, -v - 2 = -z + 1. Suppose -5*x - 9 = -2*d - 0*d, 0 = 2*x + v. Calculate the greatest common divisor of d and 1.
1
Suppose 3*b - 16 = -4. Suppose -2*l + 43 = -o + 2*o, -b*o = 4. Calculate the highest common divisor of l and 110.
22
Let d = -18 + 54. Suppose -14*t + 5174 - 638 = 0. What is the highest common divisor of t and d?
36
Let g(x) = x**2 - 1 + 0*x**2 - 7*x + x**2. Let u be g(6). Calculate the greatest common divisor of u and 261.
29
Let x be (1 - -553)/1 - (85 + -81). Calculate the highest common factor of 11 and x.
11
Let z be 90*1/((-12)/(-32)). Suppose 0 = 2*y + 2*y - z. Let t = -5 - -29. Calculate the highest common divisor of t and y.
12
Let w = -62 + 132. Suppose -10 = -x + 5*s, -x + 0 = 5*s - 30. Calculate the highest common factor of x and w.
10
Let c(h) = 8*h + 4. Let t be c(5). Let u = 60 - t. What is the highest common factor of 16 and u?
16
Suppose -1 = 4*d - 9. Let w be 10/(d + 327/(-165)). Suppose 0 = n + 4*n - w. Calculate the greatest common factor of 22 and n.
22
Suppose 6*h + 1045 = 151. Let w = h + 237. Calculate the highest common factor of w and 8.
8
Suppose -4*m + 74 = -4*b + b, -3*m + 66 = 3*b. Suppose 16 = 16*d - 95 - 17. Calculate the highest common divisor of d and m.
4
Suppose -7*f + 190 + 433 = 0. What is the greatest common divisor of f and 2759?
89
Let i be (104 - -58) + 6/1. Calculate the greatest common divisor of i and 105.
21
Suppose n - 5*p = 1901, -4*n + 10661 - 3073 = -4*p. What is the highest common divisor of n and 79?
79
Suppose -5*m - 6 = -n + 1044, 5*m = -4*n + 4175. Calculate the greatest common factor of 57 and n.
19
Let j = 760 - 356. Suppose -4*y = -4*t - j, 4*t - 3*t = -2. Let b = -1 - -12. Calculate the greatest common factor of b and y.
11
Let x = 6018 + -5883. Suppose 4*t = -2*f + 88, -4*t = -4*f - t + 231. Calculate the greatest common divisor of x and f.
27
Suppose -2*s + 3*w - 5*w = -4, 4*w + 20 = 3*s. What is the highest common factor of 2 and s?
2
Suppose 0 = -12*t + 11*t. Suppose -k + 5*h = -6, 0*k - 5*k + 2*h + 76 = t. Calculate the greatest common factor of 144 and k.
16
Let o(z) = 2*z - 6. Let j(b) = -5*b**3 + b**2 - b - 1. Let y be j(-1). Let n be o(y). Let f = n - -7. Calculate the highest common factor of f and 65.
13
Let m be 15134/140 + (42/(-20) - -2). What is the highest common divisor of 2 and m?
2
Let m be 2/(-14) - 10065/(-385). Calculate the greatest common factor of m and 3250.
26
Suppose 22 - 886 = -12*w. Suppose 5*y + 32 = 9*y. Let q = y + w. Calculate the highest common factor of q and 16.
16
Let d(q) = -q**3 + q**2 + 23. Let o be d(0). Let a = 51 - o. Suppose -a = -t + 62. What is the highest common factor of 60 and t?
30
Let i = 21 + -66. Let w be 10*(i/75 + 21/10). Calculate the highest common divisor of 5 and w.
5
Suppose 4*v - 2*v = 4*j + 108, 4*j - 84 = -2*v. Calculate the greatest common divisor of v and 192.
48
Suppose 4*t - 2*u = 6*t - 22, 0 = 4*t - 4*u - 28. Let a be 15*t*2/15. Let w be (a/(-15))/((-2)/55). What is the greatest common factor of 11 and w?
11
Suppose 0 = -13*q + 58*q - 1350. What is the highest common divisor of 160 and q?
10
Let j be ((-31)/1)/(-12 + 11). Suppose 0 = 5*g - 3*p - 41, 3*p + j = 3*g - 2*p. Let u be ((-9)/2)/(2/(-28)). Calculate the highest common divisor of u and g.
7
Let n(r) = 740*r**2 + 13*r - 12. Let q be n(1). What is the highest common factor of q and 39?
39
Let o = 43 + -79. Let k = 44 + o. What is the greatest common factor of 20 and k?
4
Let d = -25 + 35. Calculate the greatest common divisor of d and 90.
10
Let b be 120/25*(-200)/(-6). Suppose 715 = -5*z - b. Let a = z + 274. Calculat